 14?
48b54
What is 1378a (base 16) in base 8?
233612
What is 111111111011100011110 (base 2) in base 5?
1014014003
-13164541 (base 7) to base 4
-10213100011
1000010001001011111 (base 2) to base 6
5450211
236642 (base 7) to base 8
124277
What is -2212021021 (base 3) in base 5?
-3300304
10100110011110011101100 (base 2) to base 9
11233864
-53761 (base 8) to base 6
-252121
Convert -131153 (base 11) to base 10.
-206484
What is -1aba21 (base 12) in base 16?
-745f9
What is -100010011111111110000111 (base 2) in base 7?
-136604621
-648e8 (base 15) to base 3
-121012221202
What is -2b84c2 (base 14) in base 12?
-61434a
What is -11a122 (base 11) in base 5?
-22023042
Convert -122020112223 (base 4) to base 8.
-32102653
Convert 1221300310 (base 4) to base 6.
13141324
Convert 447771 (base 13) to base 11.
a041a5
3f4fd9 (base 16) to base 4
33310333121
Convert 334030234 (base 5) to base 9.
2681364
What is -1110100100100110011 (base 2) in base 3?
-220020222212
Convert 114103332 (base 5) to base 7.
4355210
Convert 18263b4 (base 13) to base 6.
440350235
Convert -165ad (base 16) to base 15.
-1c1e5
Convert -475493 (base 10) to base 4.
-1310011211
Convert -10324211 (base 7) to base 8.
-3267164
What is -6435 (base 14) in base 2?
-100001110001111
What is -1539a9 (base 16) in base 14?
-282d05
What is -22133203213 (base 4) in base 7?
-32244343
What is -34c579 (base 13) in base 5?
-310133212
Convert -113435 (base 7) to base 10.
-20459
Convert -1351661 (base 7) to base 6.
-3512455
Convert -1011211020212 (base 3) to base 4.
-2120323130
-120402411 (base 6) to base 3
-11021101110121
144504001 (base 6) to base 5
1233310404
-11000010100011001110 (base 2) to base 15
-10b1a3
What is -100120122221122 (base 3) in base 12?
-185642b
Convert -156363 (base 7) to base 13.
-111a5
546045 (base 8) to base 7
1362333
-eb7d9 (base 15) to base 4
-2312202012
Convert -41b564 (base 15) to base 9.
-5784634
What is a7809 (base 11) in base 6?
3205252
What is -136363410 (base 7) in base 16?
-897117
What is -20101213 (base 5) in base 4?
-212331012
Convert -2312431 (base 5) to base 13.
-15c33
What is -815341 (base 9) in base 13?
-13ba36
What is -132487b (base 12) in base 3?
-21010011002012
-154365 (base 8) to base 7
-320633
What is 3415221 (base 6) in base 10?
173533
-543866 (base 9) to base 12
-137880
Convert 5138581 (base 9) to base 2.
1010011101011111100111
What is 1335103 (base 6) in base 3?
10210212110
-1142156 (base 8) to base 9
-525514
Convert 1332233 (base 4) to base 16.
1faf
Convert 1012200002 (base 3) to base 7.
126302
-111840 (base 12) to base 16
-42870
What is 42424264 (base 7) in base 6?
205120344
4310021311 (base 5) to base 8
42447024
Convert -2010221100110 (base 3) to base 8.
-4263273
Convert -1214501 (base 6) to base 12.
-31431
-14123313 (base 5) to base 3
-21101112100
Convert -1238848 (base 9) to base 8.
-2447642
Convert 12461131 (base 9) to base 16.
5d6b0b
-342510 (base 6) to base 8
-70712
-21211210010202 (base 3) to base 4
-33321231023
Convert -44c00e (base 16) to base 2.
-10001001100000000001110
Convert -92784 (base 11) to base 9.
-225621
What is -784319 (base 11) in base 2?
-100110001001110010000
126006 (base 14) to base 3
1012001202001
Convert -2012000000 (base 4) to base 16.
-86000
Convert -123121100203 (base 4) to base 15.
-96cc17
Convert 10323104 (base 5) to base 15.
1b639
-222c0a (base 13) to base 8
-3046374
Convert -1015c (base 16) to base 5.
-4102014
Convert -50023003 (base 6) to base 13.
-3a1742
What is 22212020 (base 4) in base 14?
11b60
Convert 732646 (base 9) to base 16.
6a344
Convert 6555505 (base 8) to base 2.
110101101101101000101
Convert 11110010000000100 (base 2) to base 8.
362004
607748 (base 11) to base 16
ee68a
Convert -4b01c4 (base 16) to base 7.
-56532230
What is -15634 (base 16) in base 12?
-42844
What is -146201 (base 13) in base 15?
-9cd08
Convert 106465520 (base 7) to base 3.
110022222210222
Convert -32033122 (base 4) to base 5.
-3331310
Convert -1011010010101011010010 (base 2) to base 6.
-143240030
What is 62122 (base 8) in base 2?
110010001010010
What is -2276381 (base 9) in base 6?
-42221501
What is -173ac (base 14) in base 3?
-2222001122
What is 111011010000001 (base 2) in base 13?
10a68
What is -210110111101 (base 3) in base 5?
-102004302
Convert -498c2 (base 13) to base 15.
-2a252
What is -13062001 (base 7) in base 14?
-230371
What is 11011112211 (base 3) in base 16?
14080
What is -1488227 (base 10) in base 5?
-340110402
-8558 (base 15) to base 13
-cabb
Convert -3795d (base 15) to base 7.
-1336552
What is -314199 (base 11) in base 14?
-d1615
3710198 (base 10) to base 12
12ab132
What is 3b204 (base 13) in base 4?
122321300
What is -311451 (base 12) in base 15?
-103067
What is 3478323 (base 9) in base 8?
7134656
Convert 243606 (base 9) to base 5.
14201041
Convert 3318b1 (base 14) to base 12.
6b7003
Convert 2d1a6c (base 15) to base 9.
4085863
What is 21010221211110 (base 3) in base 9?
7127743
What is 20a42c (base 15) in base 16?
17b422
What is -21066606 (base 7) in base 9?
-3314673
What is -4574493 (base 11) in base 5?
-4021444041
Convert 43378 (base 10) to base 4.
22211302
What is 1011100011101000111 (base 2) in base 3?
201020110202
What is -47e07 (base 16) in base 9?
-487758
What is -374639 (base 14) in base 16?
-1ce8bb
What is -2224632 (base 7) in base 4?
-1003033023
-206b0 (base 15) to base 9
-165863
What is -2646b7 (base 16) in base 2?
-1001100100011010110111
What is -1970687 (base 11) in base 14?
-6276c0
413275 (base 8) to base 16
216bd
103432232 (base 5) to base 14
bab16
What is 54819 (base 11) in base 12?
3a025
110100002000012 (base 3) to base 11
3778601
4633775 (base 10) to base 7
54246356
Convert -231400403 (base 5) to base 2.
-11111110110110001101
Convert -1002643 (base 7) to base 11.
-81173
21013331 (base 4) to base 14
d897
-230130213 (base 4) to base 10
-182055
What is -100011011001000011 (base 2) in base 12?
-6ba83
Convert 1211103 (base 6) to base 2.
1111100100001111
What is -4402475 (base 9) in base 5?
-1101120220
-735701 (base 9) to base 5
-102442424
-1a353 (base 11) to base 7
-145501
-4ce95 (base 15) to base 14
-65a82
3c5ec (base 16) to base 3
110120012101
Convert 201252 (base 6) to base 4.
3320000
207424 (base 8) to base 7
406215
What is 50334 (base 12) in base 2?
11001011011011000
What is 2255561 (base 7) in base 14?
75168
-18185452 (base 9) to base 10
-9150050
What is -212412314 (base 5) in base 8?
-3345624
44030 (base 12) to base 8
257444
Convert -113745 (base 8) to base 11.
-27240
Convert -7cc65 (base 15) to base 2.
-1100001000101100110
What is -220121212210 (base 3) in base 5?
-111002243
84e91 (base 16) to base 7
4425114
Convert 1931ba (base 14) to base 5.
212022120
What is -51405242 (base 7) in base 13?
-b79305
Convert -5c2cc2 (base 14) to base 12.
-108374a
What is 281177 (base 10) in base 11?
182286
Convert 100221210201 (base 3) to base 4.
233311312
What is -20402210 (base 5) in base 14?
-45875
Convert 11102022122 (base 3) to base 10.
86984
Convert 24b2995 (base 13) to base 12.
3a07446
What is -102102210001 (base 3) in base 10?
-225100
-2321332230 (base 4) to base 2
-10111001111110101100
What is -1204003 (base 7) in base 12?
-743ba
Convert -296252a (base 12) to base 2.
-11111110100001001110010
210121203321 (base 4) to base 10
9541881
-53628 (base 15) to base 2
-1000000100110111110
Convert -11020000122000 (base 3) to base 5.
-1033304241
142203 (base 5) to base 12
3520
Convert 111100011110000011000 (base 2) to base 12.
7b6820
Convert aa4b47 (base 15) to base 5.
4034203132
Convert -2433a75 (base 11) to base 10.
-4236534
Convert 112202222211010 (base 3) to base 4.
131331111021
What is -26a8a7 (base 12) in base 5?
-131000024
What is 2148585 (base 11) in base 8?
16313203
-1f8b90 (base 16) to base 8
-7705620
What is -4fcbfe (base 16) in base 5?
-2314321231
What is 3565234 (base 7) in base 2?
1101110101001101010
-250715 (base 9) to base 10
-151484
-818a (base 11) to base 8
-25163
Convert -119885 (base 10) to base 12.
-59465
What is -1042111053 (base 6) in base 8?
-53066351
Convert -142d51 (base 14) to base 10.
-699595
Convert 310310341 (base 5) to base 9.
2330466
What is 10100100110110100011101 (base 2) in base 4?
110212310131
-5503a7 (base 11) to base 8
-3264534
Convert -10110010101101001100 (base 2) to base 16.
-b2b4c
What is -350342